- 3. Suppose 0 = 5*s + 54 - 99. Let q be k(s). Suppose 9 = 3*w - q. Is w prime?
True
Let i = 66 + -43. Let v = 21 - i. Let x(d) = 65*d**2 - 5*d - 7. Is x(v) a prime number?
True
Let p(g) = -g**2 + 6*g - 5. Let k = 50 - 47. Let x be p(k). Suppose -x*w = -8*w + 536. Is w a composite number?
True
Is (1 + 0 + 0)*(-50 + 4291) a composite number?
False
Suppose 125*q + 99770 = 130*q. Suppose -24*j = -2*j - q. Is j a composite number?
False
Let b(h) = 227*h - 70. Let t = -81 + 90. Is b(t) a prime number?
True
Let c(g) = 2*g**3 - g + 2. Let k = -21 - -22. Let y be c(k). Suppose p - 3*q + 731 = y*p, 0 = -3*p - q + 1114. Is p a composite number?
False
Suppose -39*l + 40*l = 8. Suppose -9712 + 49416 = l*n. Is n prime?
False
Suppose 5*i = 19501 + 3074. Suppose 477 - i = -6*y. Is y prime?
True
Let i be (3 - (-7 + 2)) + -3. Suppose 2*u = -0*u - 2, 0 = -i*q - 2*u + 44303. Is q a composite number?
False
Let m be 3*942/27*(-333)/6. Let p = 162 - m. Is p a prime number?
False
Let f be 0 + (-5*(-8)/10 - 1). Suppose -1577 + 222 = -5*w. Suppose -3*o + 0*o + 283 = 2*p, 0 = -f*o - 5*p + w. Is o a composite number?
False
Let j be 16 + 6/6*4. Is (7 + (-144)/j)/(1/(-43205)) prime?
True
Let l(q) = q**3 + 20*q**2 - 3*q - 39. Let f be l(-20). Suppose f*t - 2*t = 4769. Is t a composite number?
False
Let y be -13*(0 - 6/13). Let c(m) = -m**3 - 7*m**2 - m - 2. Let l be c(-4). Is l*((-87)/y + 0) a prime number?
False
Is (-195158)/(-3) - (-146)/438 a prime number?
True
Suppose h = -h + 32558. Suppose 5*c = -4*s + h, 6538 = 4*c - 2*c - 5*s. Is c a composite number?
False
Let k = -15 + 22. Let p(q) be the third derivative of q**6/40 + q**5/30 - 5*q**4/24 + 7*q**3/6 + 101*q**2. Is p(k) prime?
False
Let q(n) = 4*n - 2. Let u be q(-4). Let d be 1 + 36/(-28) - (-60)/14. Is (3/(u/d))/(12/(-12582)) prime?
False
Suppose -218 = -12*r + 2074. Let l = r + 95. Let u = l + -35. Is u a composite number?
False
Is (-7108798)/(-4) - -2 - (-890)/(-356) composite?
True
Let l(r) = -2437*r**3 - 15*r**2 - 126*r - 13. Is l(-6) a composite number?
True
Let p(m) = 66*m**2 + 24*m - 191. Let y be p(21). Let c = y - 14604. Is c a prime number?
False
Suppose -7799*b = -7820*b + 11318349. Is b a prime number?
False
Suppose 56990 = 14*r + 27*r. Suppose 4*m = -5*y + 3*y + r, 5*y + m = 3502. Is y prime?
True
Let l(m) = 2*m**2 - 7*m + 3. Let v be l(4). Suppose 5*n - v = -3*j, -2*j + 19 = j + 2*n. Is 6/j - (-2274)/18 a composite number?
False
Let x(v) = 109*v - 11. Let b be x(-1). Is 3821820/b*(-1 + -1) prime?
True
Let i(f) = -95*f - 20. Let y be i(-17). Let c = y - 833. Suppose 0 = 3*l - 2*j - 1073, 2*l + 46 = j + c. Is l prime?
True
Let u = 42233 - 24052. Is u a composite number?
False
Suppose 0 = 23*w - 16*w. Is 11 + -5 + -119*(-97 - w) prime?
True
Suppose 63*y - 51*y - 610276 = -104*y. Is y a composite number?
False
Let p(h) = -12*h + 1 - 8*h**2 + 9*h + 7*h**2. Let k be p(-3). Is 251/(1*(k - 0)) a composite number?
False
Let y be 1*(4 - 4) + 2. Suppose -3*d = -4 + 7, 18 = -5*o + y*d. Let m(q) = -3*q + 2. Is m(o) composite?
True
Suppose 5*u - 28 = -13. Suppose -3*t = u*h - 497 - 1348, 5*h = 2*t + 3061. Is h a composite number?
False
Suppose 103*a = 145*a - 497532. Is a composite?
True
Let c be (12 - (-552)/(-36))*(-6)/(-5). Let g(w) be the third derivative of 97*w**5/60 + w**4/12 - 3*w**3/2 - 5*w**2. Is g(c) composite?
True
Let x = 31275 + -17027. Suppose 6*o = 14*o - x. Is o a prime number?
False
Suppose -2*m - 4*j - 220 = 0, -2*j - 3*j = -m - 117. Let r = m - -228. Suppose 713 = d + r. Is d a composite number?
True
Suppose -5*a = b - 48, 72 - 212 = -5*b - 5*a. Let i(x) = 36*x + 31*x - 6*x - b. Is i(9) prime?
False
Is (1*-3)/((-316)/13395003*(-9)/(-4)) a prime number?
True
Let b(m) = 1249*m + 5974. Is b(73) a prime number?
True
Suppose -2 = -2*n - 3*c - 0, -2 = -2*n + 5*c. Let s be (4 - 3) + 3618 - n. Suppose s = h + 619. Is h composite?
False
Let a(c) = 732*c**2 + 35*c + 77. Is a(-9) composite?
True
Let h(y) = 7*y**2 - 13*y + 6. Let c be 102/10 - (9/(-5) + 2). Let i be h(c). Suppose -4*t - m + 1174 = 0, -2*t + 4*m + m + i = 0. Is t a prime number?
True
Let x be (-9 - 15/(-2))*(-4)/3. Suppose -5*k + 44749 = -5*z + x*z, -8955 = -k - 2*z. Is k a prime number?
True
Let w(o) = -3879*o**3 - o**2 + 6*o - 13*o - 1669*o**3 - 5. Is w(-1) a prime number?
False
Let y be 3/(-5)*(10 + -15). Suppose 3*u - 3*g = y, u + g + 6 = 3*u. Suppose h = -2*h + u*c + 2973, h + 2*c = 991. Is h a composite number?
False
Let k = -122 + 129. Suppose k*h - 10409 = 11949. Is h a prime number?
False
Suppose 0 = 25*o - 31*o + 16908. Let t = -1809 + o. Is t prime?
True
Let h be 1 - (95/(-38) - (-1)/2). Let y be 2/(-2)*(-4 - -2). Suppose -q = 5*v - 0*v - 1107, y*q - 2186 = -h*v. Is q a prime number?
True
Suppose 0 = -11*k - 3815 - 14137. Let s = -875 - k. Is s composite?
False
Let x = -62 - -67. Suppose 11*c - x*c = 0. Is (-2 + c + 4)*1011/2 a prime number?
False
Let w = 335 + -331. Suppose 5*u - 89515 = -w*z, -z + 89480 = 5*u - 4*z. Is u prime?
False
Let b(i) = -5*i**3 - 3*i**2 + 4*i - 1. Let v be b(-4). Let n = -114 + v. Suppose -4*m - 37 + n = 0. Is m composite?
True
Suppose 0 = -66*w + 61*w + 15. Let b(k) = -33*k - 14. Let v be b(w). Is v/(-2*(-4)/(-40)) a composite number?
True
Let d = -31626 + 211213. Is d prime?
False
Let z(x) = -90*x**2 + 9*x + 8. Let h(l) = l**2. Let y(k) = -5*h(k) - z(k). Let f be y(-6). Let m = f + -1311. Is m prime?
False
Let l = -190312 - -277434. Let v = l - 60981. Is v a prime number?
True
Let g = 145464 + 151585. Is g a composite number?
False
Let u(a) = 588*a + 37. Suppose 6*r - 377 = -329. Is u(r) a prime number?
False
Suppose 3*w + z - 16 = 0, 0*z = -2*w - 2*z + 16. Suppose 0 = -w*x + 16908 + 5600. Is x composite?
True
Let v(c) = 35 - 18 + 8*c**2 + 76 + 47 + 27*c**2 - 8*c. Is v(-23) a prime number?
True
Let h(y) = 2814*y + 3719. Is h(32) composite?
True
Let h = 824 - 796. Is 24780/h*(-2)/(-6) composite?
True
Let k be (-4)/(-20) - (-148)/10. Suppose 2*s + k = 5, -4*s = 5*v + 925. Let t = 342 + v. Is t a composite number?
True
Suppose -42584621 + 8183999 = -102*b. Is b composite?
False
Let j = 3662 + -5163. Let z = -428 - j. Is z a prime number?
False
Suppose -8023 = -g + 3*c + 1135, -45754 = -5*g - 3*c. Suppose -2*s + 3410 + g = 0. Is s prime?
False
Let z(u) = -u**3 - u**2 - u + 587. Suppose 5*b - 28 = -4*q + 12, b + 1 = q. Suppose -q*f = -2*f - 6*f. Is z(f) a composite number?
False
Is (-75899)/(-2)*(-54)/(-27) a composite number?
True
Suppose -4*s + 4*f + 157188 = 0, 5*s + 106*f = 108*f + 196473. Is s a composite number?
False
Let g(l) = 54*l - 3. Let o be g(3). Let r(i) = 2*i**2 - 10*i - 70. Let f be r(17). Let y = f - o. Is y a composite number?
False
Let t(r) = 3563*r**2 - 19*r + 66. Let u be t(-11). Is u/198 - (-4)/18 a composite number?
False
Let f be (-175)/(-10)*(39/15 + -1). Let a = 89 - f. Suppose 0 = 2*j - a - 165. Is j a prime number?
True
Let r(h) = 13*h**3 - 2*h**2 + 2*h - 1. Let p be r(1). Let q = p - 9. Suppose q*v + 345 = 1806. Is v a prime number?
True
Let q = 137802 + -75544. Suppose 175*n = 173*n + q. Is n a composite number?
True
Is 38578 + 11 - 170/17 composite?
True
Is ((-15)/(495/(-242)))/(41249/13749 + -3) prime?
False
Suppose -236*u - 53150 = -2*b - 240*u, 0 = -5*b + 5*u + 132860. Is b a composite number?
False
Let k = -49442 + 292293. Is k prime?
False
Let r = 1132959 - 673366. Is r prime?
True
Suppose 6*a + 231 - 15 = 0. Let f = -18 - a. Suppose -15*p + f*p = 2523. Is p prime?
False
Let s be 24/(-16) + (-857)/2. Let c = -272 - s. Suppose -c - 651 = -j. Is j prime?
True
Let q = 616 + -316. Let y be -2*(-154)/4*2. Suppose z = -i + y, -3*z + z + q = 4*i. Is z prime?
False
Suppose 4*j = 105 + 1147. Suppose 3*f + 5*y = -f + 66, y = -5*f + 72. Let o = j - f. Is o composite?
True
Suppose 20*y - 54 = 29*y. Let k(u) be the second derivative of -3*u**5/20 + u**4/6 - 7*u**2/2 + u. Is k(y) composite?
True
Let j = -28448 + 82147. Is j a composite number?
False
Let h = 2286 - 1441. Suppose 5*k - 2*c - 4257 = -4*c, 2*c - h = -k. Is k a prime number?
True
Is 17/(935/77) + 164874/15 composite?
False
Is 144/(-1656) - (-823500)/92 composite?
False
Suppose 31*k - 307901 = 65990. Let s = k - 7358. Is s composite?
False
Let h be -2 - 59*(-280 - 1). Suppose 18*a = 105049 + h. Is a a prime number?
Fa